{"id":3011,"date":"2025-07-23T09:51:08","date_gmt":"2025-07-23T07:51:08","guid":{"rendered":"https:\/\/coincardex.fr\/?post_type=product&#038;p=3011"},"modified":"2025-11-06T19:58:54","modified_gmt":"2025-11-06T18:58:54","slug":"pokemon-ev3-5-bundle-6-boosters-151","status":"publish","type":"product","link":"https:\/\/coincardex.fr\/index.php\/produit\/pokemon-ev3-5-bundle-6-boosters-151\/","title":{"rendered":"Pok\u00e9mon EV3.5 Bundle 6 boosters 151"},"content":{"rendered":"","protected":false},"excerpt":{"rendered":"<ul>\n<li>Produit neuf et scell\u00e9<\/li>\n<li>Version Fran\u00e7aise<\/li>\n<\/ul>\n<p>Nous ne garantissons pas la qualit\u00e9 de scellage d&rsquo;origine, d\u00e9pendant du fabriquant et du transport. Les produits sont dans l&rsquo;\u00e9tat neuf, tels qu&rsquo;ils sont re\u00e7us.<\/p>\n","protected":false},"featured_media":3012,"comment_status":"open","ping_status":"closed","template":"","meta":{"_glsr_average":0,"_glsr_ranking":0,"_glsr_reviews":0},"product_brand":[],"product_cat":[17,19],"product_tag":[],"class_list":{"0":"post-3011","1":"product","2":"type-product","3":"status-publish","4":"has-post-thumbnail","6":"product_cat-card","7":"product_cat-pokemon","9":"first","10":"outofstock","11":"sold-individually","12":"shipping-taxable","13":"purchasable","14":"product-type-simple"},"_links":{"self":[{"href":"https:\/\/coincardex.fr\/index.php\/wp-json\/wp\/v2\/product\/3011","targetHints":{"allow":["GET"]}}],"collection":[{"href":"https:\/\/coincardex.fr\/index.php\/wp-json\/wp\/v2\/product"}],"about":[{"href":"https:\/\/coincardex.fr\/index.php\/wp-json\/wp\/v2\/types\/product"}],"replies":[{"embeddable":true,"href":"https:\/\/coincardex.fr\/index.php\/wp-json\/wp\/v2\/comments?post=3011"}],"wp:featuredmedia":[{"embeddable":true,"href":"https:\/\/coincardex.fr\/index.php\/wp-json\/wp\/v2\/media\/3012"}],"wp:attachment":[{"href":"https:\/\/coincardex.fr\/index.php\/wp-json\/wp\/v2\/media?parent=3011"}],"wp:term":[{"taxonomy":"product_brand","embeddable":true,"href":"https:\/\/coincardex.fr\/index.php\/wp-json\/wp\/v2\/product_brand?post=3011"},{"taxonomy":"product_cat","embeddable":true,"href":"https:\/\/coincardex.fr\/index.php\/wp-json\/wp\/v2\/product_cat?post=3011"},{"taxonomy":"product_tag","embeddable":true,"href":"https:\/\/coincardex.fr\/index.php\/wp-json\/wp\/v2\/product_tag?post=3011"}],"curies":[{"name":"wp","href":"https:\/\/api.w.org\/{rel}","templated":true}]}}