{"id":1829,"date":"2025-07-15T21:41:42","date_gmt":"2025-07-15T19:41:42","guid":{"rendered":"https:\/\/coincardex.fr\/?post_type=product&#038;p=1829"},"modified":"2025-10-25T12:38:52","modified_gmt":"2025-10-25T10:38:52","slug":"1-2-et-5-cents-monaco-2005-coffret","status":"publish","type":"product","link":"https:\/\/coincardex.fr\/index.php\/produit\/1-2-et-5-cents-monaco-2005-coffret\/","title":{"rendered":"1, 2 et 5 cents Monaco 2005 (coffret)"},"content":{"rendered":"","protected":false},"excerpt":{"rendered":"<ul>\n<li>Coffret l\u00e9g\u00e8rement abim\u00e9<\/li>\n<li>Pi\u00e8ces sous capsules<\/li>\n<li>Qualit\u00e9 belle \u00e9preuve<\/li>\n<\/ul>\n","protected":false},"featured_media":1830,"comment_status":"open","ping_status":"closed","template":"","meta":{"_glsr_average":0,"_glsr_ranking":0,"_glsr_reviews":0},"product_brand":[],"product_cat":[24,48,18],"product_tag":[],"class_list":{"0":"post-1829","1":"product","2":"type-product","3":"status-publish","4":"has-post-thumbnail","6":"product_cat-euro","7":"product_cat-euro_monaco","8":"product_cat-coins","10":"first","11":"instock","12":"sold-individually","13":"shipping-taxable","14":"purchasable","15":"product-type-simple"},"_links":{"self":[{"href":"https:\/\/coincardex.fr\/index.php\/wp-json\/wp\/v2\/product\/1829","targetHints":{"allow":["GET"]}}],"collection":[{"href":"https:\/\/coincardex.fr\/index.php\/wp-json\/wp\/v2\/product"}],"about":[{"href":"https:\/\/coincardex.fr\/index.php\/wp-json\/wp\/v2\/types\/product"}],"replies":[{"embeddable":true,"href":"https:\/\/coincardex.fr\/index.php\/wp-json\/wp\/v2\/comments?post=1829"}],"wp:featuredmedia":[{"embeddable":true,"href":"https:\/\/coincardex.fr\/index.php\/wp-json\/wp\/v2\/media\/1830"}],"wp:attachment":[{"href":"https:\/\/coincardex.fr\/index.php\/wp-json\/wp\/v2\/media?parent=1829"}],"wp:term":[{"taxonomy":"product_brand","embeddable":true,"href":"https:\/\/coincardex.fr\/index.php\/wp-json\/wp\/v2\/product_brand?post=1829"},{"taxonomy":"product_cat","embeddable":true,"href":"https:\/\/coincardex.fr\/index.php\/wp-json\/wp\/v2\/product_cat?post=1829"},{"taxonomy":"product_tag","embeddable":true,"href":"https:\/\/coincardex.fr\/index.php\/wp-json\/wp\/v2\/product_tag?post=1829"}],"curies":[{"name":"wp","href":"https:\/\/api.w.org\/{rel}","templated":true}]}}