{"id":1816,"date":"2025-07-14T21:35:25","date_gmt":"2025-07-14T19:35:25","guid":{"rendered":"https:\/\/coincardex.fr\/?post_type=product&#038;p=1816"},"modified":"2025-11-26T13:21:55","modified_gmt":"2025-11-26T12:21:55","slug":"2014-coffret-les-valeurs-de-la-republique-francaise-sempe","status":"publish","type":"product","link":"https:\/\/coincardex.fr\/index.php\/produit\/2014-coffret-les-valeurs-de-la-republique-francaise-sempe\/","title":{"rendered":"2014 Coffret les valeurs de la R\u00e9publique Fran\u00e7aise (Semp\u00e9)"},"content":{"rendered":"","protected":false},"excerpt":{"rendered":"<ul>\n<li>Coffret \u00e9tat neuf<\/li>\n<li>12x 10 euro et 2x 50 euro<\/li>\n<li>Pi\u00e8ces de 10 euro avec patine (normal)<\/li>\n<li>Qualit\u00e9 BE<\/li>\n<\/ul>\n","protected":false},"featured_media":1818,"comment_status":"open","ping_status":"closed","template":"","meta":{"_glsr_average":0,"_glsr_ranking":0,"_glsr_reviews":0},"product_brand":[],"product_cat":[24,25,18,22],"product_tag":[],"class_list":{"0":"post-1816","1":"product","2":"type-product","3":"status-publish","4":"has-post-thumbnail","6":"product_cat-euro","7":"product_cat-euro_france","8":"product_cat-coins","9":"product_cat-silver","11":"first","12":"outofstock","13":"sold-individually","14":"shipping-taxable","15":"purchasable","16":"product-type-simple"},"_links":{"self":[{"href":"https:\/\/coincardex.fr\/index.php\/wp-json\/wp\/v2\/product\/1816","targetHints":{"allow":["GET"]}}],"collection":[{"href":"https:\/\/coincardex.fr\/index.php\/wp-json\/wp\/v2\/product"}],"about":[{"href":"https:\/\/coincardex.fr\/index.php\/wp-json\/wp\/v2\/types\/product"}],"replies":[{"embeddable":true,"href":"https:\/\/coincardex.fr\/index.php\/wp-json\/wp\/v2\/comments?post=1816"}],"wp:featuredmedia":[{"embeddable":true,"href":"https:\/\/coincardex.fr\/index.php\/wp-json\/wp\/v2\/media\/1818"}],"wp:attachment":[{"href":"https:\/\/coincardex.fr\/index.php\/wp-json\/wp\/v2\/media?parent=1816"}],"wp:term":[{"taxonomy":"product_brand","embeddable":true,"href":"https:\/\/coincardex.fr\/index.php\/wp-json\/wp\/v2\/product_brand?post=1816"},{"taxonomy":"product_cat","embeddable":true,"href":"https:\/\/coincardex.fr\/index.php\/wp-json\/wp\/v2\/product_cat?post=1816"},{"taxonomy":"product_tag","embeddable":true,"href":"https:\/\/coincardex.fr\/index.php\/wp-json\/wp\/v2\/product_tag?post=1816"}],"curies":[{"name":"wp","href":"https:\/\/api.w.org\/{rel}","templated":true}]}}