{"id":11,"date":"2025-05-17T12:05:18","date_gmt":"2025-05-17T10:05:18","guid":{"rendered":"https:\/\/coincardex.fr\/?page_id=11"},"modified":"2025-07-09T15:31:55","modified_gmt":"2025-07-09T13:31:55","slug":"cgv","status":"publish","type":"page","link":"https:\/\/coincardex.fr\/index.php\/cgv\/","title":{"rendered":"Conditions g\u00e9n\u00e9rales de vente"},"content":{"rendered":"\n<h3 class=\"wp-block-heading\">Moyens de paiement<\/h3>\n\n\n\n<p>Vous pouvez r\u00e9gler par carte bancaire ou virement bancaire.<\/p>\n\n\n\n<h3 class=\"wp-block-heading\">Livraison<\/h3>\n\n\n\n<p>L&rsquo;exp\u00e9dition a lieu sous <strong>48 heures<\/strong>. Vous avez le choix entre un colis mondial relay ou chronopost en relais (France et Belgique) ou envoi \u00e0 domicile (autres pays)<br>L&rsquo;envoi est emball\u00e9 soit en enveloppe bulle, soit en carton, toujours avec une \u00e9tiquette de suivi.<\/p>\n\n\n\n<h3 class=\"wp-block-heading\">D\u00e9lai de r\u00e9tractation<\/h3>\n\n\n\n<p>Conform\u00e9ment \u00e0 l\u2019article L221-18 du Code de la consommation, vous disposez d\u2019un <strong>d\u00e9lai de 14 jours calendaires<\/strong> \u00e0 compter de la r\u00e9ception de votre commande pour exercer votre droit de r\u00e9tractation, <strong>sans avoir \u00e0 justifier de motif ni \u00e0 payer de p\u00e9nalit\u00e9<\/strong>.<\/p>\n\n\n\n<p>Pour exercer ce droit, veuillez nous contacter en indiquant votre num\u00e9ro de commande et votre souhait de retour.<\/p>\n\n\n\n<h3 class=\"wp-block-heading\">Conditions de retour<\/h3>\n\n\n\n<p>Les produits doivent \u00eatre retourn\u00e9s <strong>dans leur \u00e9tat et emballage d\u2019origine<\/strong>, non utilis\u00e9s et non endommag\u00e9s..<br>Les <strong>frais de retour sont \u00e0 la charge de l\u2019acheteur<\/strong>. Nous vous recommandons d\u2019utiliser un service de livraison avec suivi, car nous ne pouvons garantir la bonne r\u00e9ception des articles retourn\u00e9s sans preuve de livraison.<\/p>\n\n\n\n<p>Une fois le(s) article(s) retourn\u00e9(s) et inspect\u00e9(s), nous vous notifierons de l\u2019approbation ou du refus de votre remboursement. Si le remboursement est approuv\u00e9, il sera effectu\u00e9 sur votre moyen de paiement, <strong>dans un d\u00e9lai de 7 jours maximum<\/strong> \u00e0 compter de la r\u00e9ception du retour.<\/p>\n\n\n\n<h3 class=\"wp-block-heading\">Taxes<\/h3>\n\n\n\n<p>TVA non applicable, article 293 B du CGI.<\/p>\n","protected":false},"excerpt":{"rendered":"<p>Moyens de paiement Vous pouvez r\u00e9gler par carte bancaire ou virement bancaire. Livraison L&rsquo;exp\u00e9dition a lieu sous 48 heures. Vous avez le choix entre un colis mondial relay ou chronopost en relais (France et Belgique) ou envoi \u00e0 domicile (autres pays)L&rsquo;envoi est emball\u00e9 soit en enveloppe bulle, soit en carton, toujours avec une \u00e9tiquette de [&hellip;]<\/p>\n","protected":false},"author":1,"featured_media":0,"parent":0,"menu_order":0,"comment_status":"closed","ping_status":"closed","template":"","meta":{"_glsr_average":0,"_glsr_ranking":0,"_glsr_reviews":0,"footnotes":""},"class_list":["post-11","page","type-page","status-publish","hentry"],"_links":{"self":[{"href":"https:\/\/coincardex.fr\/index.php\/wp-json\/wp\/v2\/pages\/11","targetHints":{"allow":["GET"]}}],"collection":[{"href":"https:\/\/coincardex.fr\/index.php\/wp-json\/wp\/v2\/pages"}],"about":[{"href":"https:\/\/coincardex.fr\/index.php\/wp-json\/wp\/v2\/types\/page"}],"author":[{"embeddable":true,"href":"https:\/\/coincardex.fr\/index.php\/wp-json\/wp\/v2\/users\/1"}],"replies":[{"embeddable":true,"href":"https:\/\/coincardex.fr\/index.php\/wp-json\/wp\/v2\/comments?post=11"}],"version-history":[{"count":6,"href":"https:\/\/coincardex.fr\/index.php\/wp-json\/wp\/v2\/pages\/11\/revisions"}],"predecessor-version":[{"id":1782,"href":"https:\/\/coincardex.fr\/index.php\/wp-json\/wp\/v2\/pages\/11\/revisions\/1782"}],"wp:attachment":[{"href":"https:\/\/coincardex.fr\/index.php\/wp-json\/wp\/v2\/media?parent=11"}],"curies":[{"name":"wp","href":"https:\/\/api.w.org\/{rel}","templated":true}]}}